 + 4*g - 4. Suppose 10*p + 0 = 30. What is q(p)?
-28
Suppose 3*y = -b, -2*y - 4 = -0*y + 2*b. Let j(g) = g - 1. What is j(y)?
0
Let h = 2 - 2. Suppose h*g - 6 = g. Let n = g - -6. Let f(p) = -p**3 + p**2 + p - 2. Determine f(n).
-2
Let i = -1 + 0. Let s = i + -2. Let t(a) = a + 3. What is t(s)?
0
Let b(t) be the second derivative of -t**4/12 - 7*t**3/6 - 2*t**2 + 9*t. What is b(-6)?
2
Let r(h) be the first derivative of 7*h**3/3 + h**2/2 + h + 4. Determine r(-1).
7
Let l = -2 + 4. Let s be (1 - l)*(-7 - -2). Let k(p) = p - 2*p - 4*p + p**2 + 0*p. Calculate k(s).
0
Let l(h) = -9*h - 2. Let x(y) = 7*y + 3. Let b(w) = 2*l(w) + 3*x(w). Give b(-6).
-13
Let q(m) be the third derivative of -m**6/40 + m**4/24 - 17*m**2. Suppose j = -2*j. Suppose j = -2*w - w + 3. Give q(w).
-2
Suppose -3*u + 18 = 3. Let n be ((-5)/(u/(-6)))/2. Let x(w) = -w + 2. Calculate x(n).
-1
Let v(o) be the third derivative of -o**4/24 + 3*o**3/2 + 12*o**2. Calculate v(5).
4
Let w(q) = -q. Let k(j) = 3. Let l(s) = k(s) - 3*w(s). What is l(-4)?
-9
Suppose 0 = 2*d + 8, u + d = -4*u + 296. Let g be ((-2)/6)/(4/u). Let z(o) = o**2 + 3*o - 7. Determine z(g).
3
Suppose l - 3 = 0, 0 = -v - 0*v - 3*l + 14. Let h(m) = m**2 - 2*m + 3. Determine h(v).
18
Let i(x) = -2*x**3 - x. Let o(z) = -12*z - 1. Let g be o(-2). Suppose -2*d + 17 = 5*t - d, -2*t + g = -5*d. Suppose 4*j + t = -0*j. Give i(j).
3
Let k(l) = -5 - 2 + 52*l**2 + 6*l + 59*l**2 - 112*l**2. Suppose -6*z - 4*f + 32 = -2*z, 4*f - 7 = z. Give k(z).
-2
Let z(t) = 3*t**2 - 6*t + 11. Let w(u) = 2*u**2 - 3*u + 6. Let g(o) = -5*w(o) + 3*z(o). Calculate g(2).
-7
Let w(g) be the second derivative of -g**6/120 - g**5/12 - g**4/8 - 2*g**3/3 - g**2 - g. Let d(h) be the first derivative of w(h). What is d(-4)?
-8
Suppose -5*i + 1 = -y, i - 2*y + 6 = 8. Let d(p) = p**2 + p - 10. Determine d(i).
-10
Let z(d) be the second derivative of d**5/20 - d**4/2 - 3*d**2/2 - 26*d. What is z(6)?
-3
Let x(q) = 4 - 6*q**2 - 5*q - 5*q - q**3 + q + 5*q. Determine x(-4).
-12
Let r(u) = 10*u**3 - 2*u**2 + u - 2. Let f(l) = 40*l**3 - 9*l**2 + 5*l - 9. Let y(g) = -2*f(g) + 9*r(g). Give y(1).
9
Let a(d) = -4*d. Let v(b) = b + 15. Let t be v(-14). Calculate a(t).
-4
Let a(i) = i**2 - 5*i + 3. Let c(h) = -2*h + 1. Let f(j) = -j**2 - 10*j + 5. Let z(d) = 11*c(d) - 2*f(d). Let u be z(2). Let g = u - 1. Determine a(g).
-1
Let c(a) = 2*a + 23. Let s be c(-14). Let g(y) = -y**3 - 5*y**2 - y - 1. Calculate g(s).
4
Let f be ((-3)/(-5))/(8/40). Suppose f*j - 5*j + 4 = 0. Let q(h) = -5*h. Give q(j).
-10
Let l(m) = -m + 5. Let r(c) = -c**3 - 4*c - 10. Let w be r(-2). Give l(w).
-1
Let d(m) = m + 7. Let y(b) = 1. Let c(z) = -d(z) - 2*y(z). Determine c(0).
-9
Let z(x) be the second derivative of -x**4/12 - x**3/3 + 3*x**2 + 46*x. Determine z(4).
-18
Let r(d) be the third derivative of d**4/24 + d**3 + d**2. Let v be r(-6). Let q(h) = h - h - h + v. Calculate q(-2).
2
Let q(g) = -g**3 + 6*g**2 - 4*g - 11. Let i(f) = -f - 1. Let c(o) = 5*i(o) - q(o). Give c(6).
0
Let t(m) = m**2 + 2*m + 1. Let i be t(-1). Let s(z) = -31 - 3*z**2 + 34 - z**3 + 2*z**2 - z. What is s(i)?
3
Let b be 1/5 - (0 + (-12)/(-10)). Let g(t) = 6*t**2 + t - 6. Let u(h) be the second derivative of h**4/12 + h. Let o(d) = b*g(d) + 5*u(d). Determine o(0).
6
Suppose 0*x + 15 = -5*x + 5*l, -x - 2*l = -6. Let s(c) = -4 + 6 + x*c**2 - c**2 - 1 + 6*c. Suppose -7*v = -5*v - 10. Determine s(v).
6
Let g be (16/(-10))/(6/15). Let h(j) = j**2 + 5*j. Let a(n) = 1. Let b(u) = -3*a(u) + h(u). Calculate b(g).
-7
Let k(g) = -g + g - g + 0. Suppose 5*u - 2 = 4*u. Let s = u + 1. Calculate k(s).
-3
Let k(q) = q**3 - 3*q**2 + q - 4. Let f(p) = -7 + p**2 + 5*p + p + 10. Suppose 3*b + 0*b - 4*a + 14 = 0, -b - 8 = 2*a. Let o be f(b). What is k(o)?
-1
Let g(a) = -a + 3. Suppose f - 2*v - 8 = -3*v, -20 = -5*v. What is g(f)?
-1
Let d(h) be the third derivative of h**7/2520 + h**6/240 - h**5/60 + h**4/12 - h**2. Let o(v) be the second derivative of d(v). Calculate o(-2).
-4
Suppose -5*d + 6 = -3*d. Let v = -1 - d. Let h(m) = -m**3 + 2*m**2 + 10*m - 4. Let y(w) = -w**2 - w + 2. Let q(x) = h(x) + 5*y(x). Determine q(v).
2
Let b(n) = -n**3 + 6*n**2 + 5*n + 7. Let w(k) = k**3 + 10*k**2 - 3*k - 23. Let q be w(-10). What is b(q)?
-7
Let w(o) = -9*o**3 - 2*o**2 - 2*o - 1. Let y(m) be the first derivative of 2 + 7*m - 7/2*m**2 - 1/3*m**3. Let v be y(-8). Determine w(v).
8
Suppose -1 = -5*o + 4. Let s(x) be the first derivative of -o + 0*x - 1/2*x**2. What is s(3)?
-3
Let u(a) = 7 - a**2 - 3 - 6. Determine u(0).
-2
Let x(a) = a**2 - 6*a + 7. Let m(y) be the third derivative of y**5/60 - 7*y**4/24 + 5*y**3/6 - 2*y**2. Suppose -5*b = -0*b - 35. Let g be m(b). Determine x(g).
2
Let q(a) be the first derivative of 7*a - 1/3*a**3 + 5 + 1/2*a**2. Calculate q(0).
7
Suppose -3*g + 20 = g. Suppose 5*u - g*a + 10 + 5 = 0, -a + 8 = -2*u. Let y(v) = v. Give y(u).
-5
Let m be 9/((-45)/(-10)) - 0. Let k(q) be the third derivative of m*q**2 + 0*q**3 + 0*q - 1/6*q**4 - 1/60*q**5 + 0. Determine k(-5).
-5
Suppose -3*t = w - 7, 0*w - 3*w = -4*t + 31. Let h(g) be the third derivative of -g**4/8 + g**3/3 - 30*g**2. Determine h(t).
-10
Let i(t) be the first derivative of t**2/2 + 8*t - 6. Determine i(-4).
4
Let y(w) = -w + 3. Let f(z) = z - 3. Let x(n) = 2*f(n) + 3*y(n). What is x(-5)?
8
Let n be (24/12)/(2/3). Let s(p) = p**3 - p**2 - p. Let b(z) = 4*z**3 - 5*z**2 - 3*z. Let l(h) = b(h) - 3*s(h). Calculate l(n).
9
Let i(r) = r**2 - 7*r + 4. Let u(v) = -3*v**2 + 17*v + 10. Let q be u(6). Give i(q).
-8
Suppose -4*f = -0*f + 4*i + 12, 4*i + 2 = -2*f. Let b(r) = -r**2 - 7*r - 7. Calculate b(f).
3
Let p(l) = -l**2 - 7*l - 4. Let z = -16 + 10. Let w be p(z). Let j(m) = -3*m**w - 6 + 3*m**2 + 8*m + 0*m**2 - m**2. Give j(5).
9
Let j(x) = 7*x + 6. Let c(f) = 7*f + 10. Let o be c(-2). Give j(o).
-22
Let t(h) be the second derivative of h**4/12 - h**3/3 + 3*h**2/2 + h. Let g(s) = -s**2 + 17*s - 39. Let a be g(14). What is t(a)?
6
Let d(m) = -m + 2*m + m - 2*m**3 - 7*m**2 + 3*m**3. What is d(6)?
-24
Suppose -5*n + 0*n = 85. Let q = -11 - n. Let m(o) = o**3 - 6*o**2 + 4. What is m(q)?
4
Suppose 2*j + 2 = 0, 4*j + 0*j - 1 = -5*i. Let u(m) = -9*m + 42. Let n(v) = -v + 4. Let y(c) = -21*n(c) + 2*u(c). Determine y(i).
3
Suppose l = 3 + 3. Let j(z) = z - 6. Let v be j(l). Let y(q) = q - 2 + v*q + 1. What is y(1)?
0
Let p(f) = -3 - f**3 + 0*f**3 + 0 + f**2 - 3. Calculate p(0).
-6
Let w(d) = d + 6. Let q be w(-7). Let f(u) = -11*u**2 + 1. Calculate f(q).
-10
Suppose -r + 7 = -3*j, 0*j = -3*r - 5*j - 7. Let w(t) = -r - 3*t + 7*t + 2*t - 2*t**2. Suppose -m = 4*m - 5*z - 45, m + 3*z + 11 = 0. Give w(m).
-9
Let b(s) be the first derivative of s**4/4 + 4*s**3/3 + 4*s - 11. Determine b(-4).
4
Let z(s) = -s. Suppose 5*c = -24 + 9. Determine z(c).
3
Let s(k) = k**3 + 2*k**2 - 5*k - 4. Suppose 0*y - 8 = y - a, 4*y - 2*a = -24. What is s(y)?
-16
Let k be (-1)/2*8/2. Let i(v) = 3*v - 19. Let n(r) = -r + 9. Let m(p) = k*i(p) - 5*n(p). Calculate m(0).
-7
Let c(t) = t**2 + 3. Let p = 1 + -1. Suppose p = -3*q + q. Give c(q).
3
Let x(c) = c**3 - c**2 - 3*c + 3. Suppose 0 = 3*p + 13 + 11. Let y(t) = -t**2 - 7*t + 10. Let d be y(p). Give x(d).
1
Let b(r) = r**3 - r**2 + r - 4. Let z be (0/(-9))/((-2)/1). Suppose 2*a - 8*a = z. Calculate b(a).
-4
Let f(u) = -u - 4. Suppose 2*c = 6, -c - 2*c + 3 = -3*o. Let z be o - (4/2 + 4). Calculate f(z).
0
Let s be (-5)/(-2) - 7/(-14). Let b(w) be the first derivative of -w**3/3 + w**2/2 + 2*w - 3. Calculate b(s).
-4
Let s(r) be the third derivative of -6*r**2 + 1/30*r**5 + 0 - 1/6*r**3 + 0*r + 1/12*r**4. What is s(-2)?
3
Let q(z) = -z**2 - 6*z + 3. Let n be q(-6). Let j = 5 - n. Let h(c) = 2 - 4*c + 4*c - j*c + 0*c. What is h(-4)?
10
Let i(z) = z**2 + 8*z + 6. Suppose -2*v = 28 + 8. Let w = v - -13. What is i(w)?
-9
Let h(t) be the third derivative of 0*t - 1/12*t**4 - 1/120*t**6 - 1/20*t**5 + 2*t**2 + 1/6*t**3 + 0. Suppose 4*b + 24 = 12. Determine h(b).
7
Let v(d) be the third derivative of d**6/120 + d**5/12 + d**4/8 + d**2. Let x(p) = p**2 + 7*p + 7. Let y be x(-7). Suppose -3*l - 5 - y = 0. Calculate v(l).
4
Let a(m) = 14*m**2 - m - 1. Let j be a(-1). Let f(s) = -j*s + 3*s + 8*s - 2. Calculate f(2).
-8
Let u(m) = 0*m + 0*m + 2*m - 3*m. What is u(-4)?
4
Let v(